ppose -4*l + 10 = 2*h, 6*l - d = l - h. Let i(t) = -4*t**2. Calculate i(l).
-4
Let v(u) be the second derivative of -u**4/12 + 5*u**3/3 + 9*u**2/2 - 50*u. What is v(11)?
-2
Let x(c) be the first derivative of 1/30*c**5 - 1/24*c**4 + 0*c + 0*c**2 + 2 + c**3. Let l(p) be the third derivative of x(p). Give l(2).
7
Let w(y) = y**3 + y**2 + y + 2. Let x be 1/(2 - 4)*(-1 - -1). Calculate w(x).
2
Let t(b) = b**2 + 12*b + 8. Let f(q) = q**2 + 11*q + 7. Let w(o) = o**3 + o**2 + o + 5. Let z be w(0). Let i(c) = z*f(c) - 4*t(c). Calculate i(-5).
-7
Let i = -9 + 4. Let b(z) = 7*z**2 + 1 - 3*z**2 + 6*z + 0*z**2 - 3*z**2. Determine b(i).
-4
Let p(i) = i**2 - 2*i - 1. Let w(n) = -n**2 - 3*n + 1. Let h be w(-2). Determine p(h).
2
Let z(n) = -n + 7. Suppose 14 = -r + 3*r. Let t be z(r). Suppose -2*h - 18 = 2*j + h, j - h - 1 = t. Let d(p) = -2*p**2 - 5*p - 4. Give d(j).
-7
Let f be (-1)/(-4) - (-34)/(-8). Let h be 18 + (-1 - 0) + -1. Let o(v) = -h*v + 0*v**3 + 4 + 14*v - 5*v**2 - v**3. Determine o(f).
-4
Suppose -4*r + 3*o + 4 = 0, 3*o + 1 = 5*r - 4. Let z(d) be the first derivative of d**3 - 1/2*d**2 - 1 + 0*d. Determine z(r).
2
Suppose 0 = 5*o + 78 - 58. Let x(a) = -a**2 - 4*a + 1. Determine x(o).
1
Let c(b) = -b - 2. Suppose -6*w = -8*w - 6. What is c(w)?
1
Let u(h) be the third derivative of h**6/120 + h**5/60 - h**3/2 - h**2. Let j be 0/((-6)/(-3) - 4). Determine u(j).
-3
Suppose 5*a - 3 = -p, 3*p + 3*a - 3 = 2*p. Let o be 32/5 - (-15)/25. Let q(s) = p - 19*s - o + 21*s. Calculate q(3).
2
Let n(j) be the third derivative of -j**6/120 + 7*j**5/60 - j**4/4 - j**3 - j**2 + 39*j. Determine n(6).
-6
Suppose 52 = -0*x - 2*x. Let y = x + 29. Let o(a) be the second derivative of -a**4/12 + a**3 - 2*a**2 + a. Give o(y).
5
Let w(b) = -b**3 + 4*b**2 + b - 5. Let p = -3 + 1. Let v be p - (2 - 4) - -4. Calculate w(v).
-1
Let p(a) = -4*a**3 - 4*a**2 - 6*a + 13. Let t(q) = -5*q**3 - 5*q**2 - 7*q + 14. Let b(s) = -6*p(s) + 5*t(s). Determine b(0).
-8
Let z(u) = 11*u - 1. Suppose 0 = 3*x - 0 + 3. Give z(x).
-12
Let d = 9 + -2. Let o(u) = 10*u - 3. Let k(x) = -7*x + 2. Let c(a) = d*k(a) + 5*o(a). Let m(h) = -7*h + 5. Let f(r) = -4*c(r) - m(r). What is f(2)?
5
Let p(z) = -9*z - 3 + 9*z + z. Give p(4).
1
Let y(v) = 3*v - 4. Let s = 11 + -14. Give y(s).
-13
Let i(k) = k + 1. Let c(b) = -10*b - 4. Let n(v) = c(v) + 8*i(v). Determine n(5).
-6
Suppose 5*z - 34 = -2*y + 2, -2*z + 76 = 3*y. Let g = y + -20. Let i(x) = -11*x - x**2 + 3*x + g*x. What is i(0)?
0
Let z(t) be the second derivative of t**5/60 + 5*t**4/24 + 2*t**3/3 - t**2 + t. Let g(d) be the first derivative of z(d). Give g(-3).
-2
Let m(d) = -d**2 - 10*d - 10. Let y = 26 - 21. Suppose 0 = -3*q + f - 17, -y*q - f = 2*f + 47. Determine m(q).
11
Let a(j) = j**3 + 3*j**2 - 2*j - 4. Let l = -1 + -2. Let k be a(l). Let v = 2 + k. Let o(t) = t - 4. What is o(v)?
0
Let j(d) = -221*d + 8 - 7 + 5*d**2 + 221*d. Let k = 3 - 2. Give j(k).
6
Let c(o) = o + 1 - 3*o**2 - 4 + 5*o**2. Give c(3).
18
Let s be ((-4)/2)/(-2)*2. Let f(l) = -3*l - s*l**2 - 4*l + 3*l - 3. Determine f(-3).
-9
Let d(b) = b**2 - 3. Let z be (-2)/(-6) - 1/3. Determine d(z).
-3
Let g(z) be the third derivative of -2*z**2 - 1/40*z**5 + 1/8*z**4 + 0 + 0*z - 1/3*z**3 - 1/360*z**6. Let p(h) be the first derivative of g(h). What is p(-3)?
3
Let w(l) = -l**2 + 7*l + 1. Let r be w(7). Let g be (r/3)/((-2)/(-6)). Let a(v) = -3*v**2 + v. Give a(g).
-2
Let y(q) = 3*q - 1. Suppose -18 = -4*r + 6*r. Let d(w) = -7*w + 1. Let h(b) = r*y(b) - 4*d(b). Let f(x) = -x. Let m be f(0). Determine h(m).
5
Let p(i) be the first derivative of i**3/3 - 5*i**2/2 + 3*i - 5. Give p(4).
-1
Let b be ((-5)/((-5)/4))/2. Let n(g) = -7*g + g**b - 4*g**2 + 4*g**2. Give n(6).
-6
Let m = -33 + 29. Let j(z) = 0 - 4 - 2 - 2*z. Give j(m).
2
Let i(n) = -n**2 - 5*n - 3. Let o(c) = c**2 + 5*c + 2. Let m(y) = 3*i(y) + 2*o(y). Let t be m(-3). Let l(j) = -10*j**2 - 2*j + 1. Give l(t).
-11
Let n(b) = -b + 16. Suppose -7 = 5*r - 67. Let k be n(r). Let y(t) = t**3 - 3*t**2 - 3*t + 2. Calculate y(k).
6
Let f(i) = i**3 - 5*i**2 + 2*i + 1. Let b(h) = h**3 - h**2 - h + 1. Let z be b(2). Calculate f(z).
-11
Suppose -2*l + 0 - 8 = -4*v, 4*v - 12 = 4*l. Let m(n) = n - 3*n + 5 - 4. Determine m(v).
-1
Let p(j) = j**3 + 6*j**2 + 6*j + 5. Let x be p(-5). Let b be x - (-3 - 1)/(-1). Let u(c) = -c - 2. Determine u(b).
2
Let p(s) = -s**3 - 8*s**2 - 8*s - 2. Suppose 0 = 2*q + 1 + 3. Let w be (q/(-3))/((-4)/42). What is p(w)?
5
Let n(u) = u**3 - 4*u**2 - 5*u + 2. Suppose f = -3 + 4. Suppose 5*k - 74 = f. Suppose -d = -4*d + k. Determine n(d).
2
Let f(n) = n - 1. Let q be 6/21 + (-95)/(-35). Suppose 0 = 3*x - 2*d - 1, -x + 0 = -q*d + 9. Give f(x).
2
Let u(v) = -9 + 4*v - 6*v + 3*v. What is u(6)?
-3
Let q = -43 - -41. Let a(k) = k. What is a(q)?
-2
Let c = -59 - -67. Suppose 4*n = 17 + 23. Let h = c - n. Let b(t) = t**3 + t**2 - 1. What is b(h)?
-5
Let u(d) = d + 1. Suppose 0 = 3*k - k. Determine u(k).
1
Suppose -f = 3*f + 16. Let m(z) be the first derivative of -z**2/2 - 2*z + 13. Let a be m(f). Let g(r) = r**2 - 4*r + 2. What is g(a)?
-2
Suppose 6 = 3*n - 0. Let s(d) = d**3 - d**2 + d + 1. Let m(j) = 6*j**3 - 5*j**2 + 7*j + 3. Let a(l) = -m(l) + 5*s(l). Give a(n).
-10
Suppose -2*y - 24 = 2*y. Let n(p) be the second derivative of p**5/20 + 5*p**4/12 - 2*p**3/3 + 5*p**2/2 + 5*p. Calculate n(y).
-7
Let i be 2/(-4 - -2) - -1. Let a(g) be the third derivative of 0 - 2*g**2 + 0*g + 1/4*g**4 + i*g**3. Calculate a(1).
6
Let i(q) = q**3 + 5*q**2 + 3*q - 2. Let l(r) = -r**2 + 3*r - 3. Let m = 7 + -5. Let w be l(m). Let t = -5 - w. What is i(t)?
2
Let z be (-3 - 22/(-6))*3. Let g(o) = 0*o + 4*o - 7*o + 3 + z*o. Give g(4).
-1
Let r(q) = q**2 - 6*q - 2. Let z be -9*((-6)/(-4) + 52/(-24)). What is r(z)?
-2
Let c(i) = i**3 - 2*i**2 + 3*i - 2. Let d be -1 + 3*(5 - -2). Let x be (16/d)/((-4)/(-10)). Suppose -f = -x*m + 7, -3*f = -m - 0*f + 11. What is c(m)?
4
Let l(v) = 2*v**2 + 5*v - 4. Let r(a) = a. Let o be r(-4). What is l(o)?
8
Let a = 4 + -10. Let j(i) = -i**3 + i**2 - 1. Let y(b) = b**3 - 7*b**2 + 5*b - 3. Let w(o) = 2*j(o) + y(o). Determine w(a).
1
Let d be 8/(-4) - -1*4. Let y(v) = v + 7*v - 6*v. Calculate y(d).
4
Let m(y) = 3 + y + 5*y - 2*y + 2*y**2 - y**2. Suppose 20 = 6*d - 2*d. Let o be (-17)/d + (-8)/(-20). Calculate m(o).
0
Suppose 2*q + 7 = -k - 0*k, -2*k + 4*q + 2 = 0. Let c(h) be the first derivative of h**2 - 2*h + 9. Give c(k).
-8
Let o(g) be the second derivative of 5*g**3/6 - 3*g**2 - 17*g. Determine o(4).
14
Let d(g) = -g - 1. Let b(q) = q**3 - 6*q**2 + 4*q - 1. Let m be b(5). Let t be d(m). Let k(p) = p + 4. What is k(t)?
9
Let y(g) = g**2 - 4*g - 5. Let z(t) = 3*t**2 - 6*t - 4. Let w be z(3). Calculate y(w).
0
Suppose 5*v - 15 = -0*p + 5*p, -3*p = 2*v + 4. Let s be (-1)/(-1) + 4 + -3. Let z(b) = 0*b - s*b + 0*b - 3. Give z(p).
1
Let y(r) = -2*r - 10. Let t be y(-7). Let q(x) = 4 + t + 2*x - x. Calculate q(-6).
2
Let s(k) = -k**3 - k**2. Let b(d) = -4*d**3 + d**2 + 3*d - 4. Let c(m) = -b(m) + 5*s(m). Suppose -5*o + 2 = 27. Calculate c(o).
-6
Let l(i) be the third derivative of -i**9/60480 + i**8/5040 + i**7/1680 + i**6/180 - i**5/10 + 3*i**2. Let b(x) be the third derivative of l(x). Calculate b(5).
-6
Let o(v) be the second derivative of 5*v**3/3 + v**2/2 + v. Suppose -2*x - 4*j + 2 = -4, -2*x - 1 = -3*j. Calculate o(x).
11
Let k(l) = 3*l + 4. Suppose -5*f + 3*d + 24 = 0, d - 2 = -2*f + 6*d. Let h = 3 - f. What is k(h)?
-5
Suppose 21*a = 20*a + 8. Let d(l) = -3*l + 11. Give d(a).
-13
Let r = 121 + -124. Let c(n) = -2*n - 4. What is c(r)?
2
Suppose 0 = -2*g + 4 - 2. Let v = 4 + g. Let x(d) = d - v + 0*d + 0*d. What is x(5)?
0
Let d(o) = 0*o**2 + 1 - o - o**2 + 0*o**2. Calculate d(-5).
-19
Let b(t) = t**3 + 1 + 0*t**3 + 7*t - 8 - 6*t**2. Let a(q) = -2*q - 7. Let y(s) = -s**3 + 7*s**2 - 6. Let p be y(7). Let j be a(p). Give b(j).
3
Let u(d) = 5*d**2 + 2*d**3 - d**2 - 2*d**2 + 13*d - 14*d. Determine u(1).
3
Let x = 68 - 69. Let i(u) be the second derivative of u**3 - u**2/2 + u. Calculate i(x).
-7
Let o(t) = t. Let k(h) = 2*h - 3. Let l(p) = -k(p) + 3*o(p). Determine l(-5).
-2
Let q be 6/21 + (-36)/(-21). Let p(r) = 8 + 3*r + 0*r - q*r. What is p(0)?
8
Suppose 5*n + h + 0*h + 16 = 0, -n + 4 = 2*h. Let z(l) = -l**3 - 3*l